{"id":2,"date":"2019-11-05T10:31:43","date_gmt":"2019-11-05T09:31:43","guid":{"rendered":"http:\/\/localhost:8888\/uwg\/?page_id=2"},"modified":"2026-04-15T15:10:11","modified_gmt":"2026-04-15T13:10:11","slug":"beispiel-seite","status":"publish","type":"page","link":"https:\/\/www.uwg-kreisolpe.de\/site\/","title":{"rendered":"Startseite"},"content":{"rendered":"<p><div class=\"fusion-fullwidth fullwidth-box fusion-builder-row-1 verlauf nonhundred-percent-fullwidth non-hundred-percent-height-scrolling\"  style='background-color: rgba(255,255,255,0);background-position: center center;background-repeat: no-repeat;padding-top:0px;padding-right:0px;padding-bottom:50px;padding-left:0px;'><div class=\"fusion-builder-row fusion-row \"><div  class=\"fusion-layout-column fusion_builder_column fusion_builder_column_1_2 fusion-builder-column-1 fusion-one-half fusion-column-first 1_2\"  style='margin-top:0px;margin-bottom:20px;width:50%;width:calc(50% - ( ( 4% + 4% ) * 0.5 ) );margin-right: 4%;'>\n\t\t\t\t\t<div class=\"fusion-column-wrapper\" style=\"padding: 0px 0px 0px 0px;background-position:left top;background-repeat:no-repeat;-webkit-background-size:cover;-moz-background-size:cover;-o-background-size:cover;background-size:cover;\"   data-bg-url=\"\">\n\t\t\t\t\t\t<div class=\"fusion-text\"><h1>B\u00fcrgernah, unabh\u00e4ngig und transparent.<\/h1>\n<p>Die Unabh\u00e4ngige-W\u00e4hler-Gemeinschaft Kreis Olpe vertritt die Interessen der B\u00fcrger ohne Parteipolitik.<\/p>\n<p>UWG Kreis Olpe \u2014 F\u00fcr bessere Lebensbedingungen, ganz nach den Erfordernissen unserer Einwohner.<\/p>\n<\/div><div class=\"fusion-clearfix\"><\/div>\n\n\t\t\t\t\t<\/div>\n\t\t\t\t<\/div><div  class=\"fusion-layout-column fusion_builder_column fusion_builder_column_1_6 fusion-builder-column-2 fusion-one-sixth fusion-no-small-visibility 1_6\"  style='margin-top:0px;margin-bottom:20px;width:16.66%;width:calc(16.66% - ( ( 4% + 4% ) * 0.1666 ) );margin-right: 4%;'>\n\t\t\t\t\t<div class=\"fusion-column-wrapper\" style=\"padding: 0px 0px 0px 0px;background-position:left top;background-repeat:no-repeat;-webkit-background-size:cover;-moz-background-size:cover;-o-background-size:cover;background-size:cover;\"   data-bg-url=\"\">\n\t\t\t\t\t\t<div class=\"fusion-clearfix\"><\/div>\n\n\t\t\t\t\t<\/div>\n\t\t\t\t<\/div><div  class=\"fusion-layout-column fusion_builder_column fusion_builder_column_1_3 fusion-builder-column-3 fusion-one-third fusion-column-last 1_3\"  style='margin-top:0px;margin-bottom:20px;width:33.33%;width:calc(33.33% - ( ( 4% + 4% ) * 0.3333 ) );'>\n\t\t\t\t\t<div class=\"fusion-column-wrapper\" style=\"padding: 0px 0px 0px 0px;background-position:left top;background-repeat:no-repeat;-webkit-background-size:cover;-moz-background-size:cover;-o-background-size:cover;background-size:cover;\"   data-bg-url=\"\">\n\t\t\t\t\t\t<div class=\"fusion-text\"><p><img loading=\"lazy\" class=\"alignnone wp-image-3454 \" src=\"https:\/\/www.uwg-kreisolpe.de\/site\/wp-content\/uploads\/2026\/04\/620005010_1212383177746558_8517709289051638027_n-300x200.png\" alt=\"\" width=\"623\" height=\"415\" srcset=\"https:\/\/www.uwg-kreisolpe.de\/site\/wp-content\/uploads\/2026\/04\/620005010_1212383177746558_8517709289051638027_n-200x133.png 200w, https:\/\/www.uwg-kreisolpe.de\/site\/wp-content\/uploads\/2026\/04\/620005010_1212383177746558_8517709289051638027_n-300x200.png 300w, https:\/\/www.uwg-kreisolpe.de\/site\/wp-content\/uploads\/2026\/04\/620005010_1212383177746558_8517709289051638027_n-303x202.png 303w, https:\/\/www.uwg-kreisolpe.de\/site\/wp-content\/uploads\/2026\/04\/620005010_1212383177746558_8517709289051638027_n-400x267.png 400w, https:\/\/www.uwg-kreisolpe.de\/site\/wp-content\/uploads\/2026\/04\/620005010_1212383177746558_8517709289051638027_n-600x400.png 600w, https:\/\/www.uwg-kreisolpe.de\/site\/wp-content\/uploads\/2026\/04\/620005010_1212383177746558_8517709289051638027_n-768x512.png 768w, https:\/\/www.uwg-kreisolpe.de\/site\/wp-content\/uploads\/2026\/04\/620005010_1212383177746558_8517709289051638027_n-800x533.png 800w, https:\/\/www.uwg-kreisolpe.de\/site\/wp-content\/uploads\/2026\/04\/620005010_1212383177746558_8517709289051638027_n-1024x683.png 1024w, https:\/\/www.uwg-kreisolpe.de\/site\/wp-content\/uploads\/2026\/04\/620005010_1212383177746558_8517709289051638027_n-1200x800.png 1200w, https:\/\/www.uwg-kreisolpe.de\/site\/wp-content\/uploads\/2026\/04\/620005010_1212383177746558_8517709289051638027_n.png 1536w\" sizes=\"(max-width: 623px) 100vw, 623px\" \/><\/p>\n<p>Auch auf socialmedia:\u00a0<a href=\"http:\/\/www.instagram.com\/uwgkreisolpe\">INSTAGRAM<\/a> \u00a0<a href=\"https:\/\/www.facebook.com\/UWGKREISOLPE\">FACEBOOK<\/a><\/p>\n<\/div><div class=\"fusion-clearfix\"><\/div>\n\n\t\t\t\t\t<\/div>\n\t\t\t\t<\/div><\/div><\/div><div class=\"fusion-fullwidth fullwidth-box fusion-builder-row-2 fusion-parallax-none nonhundred-percent-fullwidth non-hundred-percent-height-scrolling\"  style='background-color: #ffc800;background-image: url(\"https:\/\/www.uwg-kreisolpe.de\/site\/wp-content\/uploads\/2019\/11\/bg-verlauf.jpg\");background-position: center center;background-repeat: no-repeat;padding-top:50px;padding-right:0px;padding-bottom:0px;padding-left:0px;-webkit-background-size:cover;-moz-background-size:cover;-o-background-size:cover;background-size:cover;'><div class=\"fusion-builder-row fusion-row \"><div  class=\"fusion-layout-column fusion_builder_column fusion_builder_column_1_1 fusion-builder-column-4 fusion-one-full fusion-column-first fusion-column-last 1_1\"  style='margin-top:0px;margin-bottom:20px;'>\n\t\t\t\t\t<div class=\"fusion-column-wrapper\" style=\"padding: 0px 0px 0px 0px;background-position:left top;background-repeat:no-repeat;-webkit-background-size:cover;-moz-background-size:cover;-o-background-size:cover;background-size:cover;\"   data-bg-url=\"\">\n\t\t\t\t\t\t<div class=\"fusion-blog-shortcode fusion-blog-shortcode-1 fusion-blog-archive fusion-blog-layout-grid-wrapper fusion-blog-no\"><style type=\"text\/css\">.fusion-blog-shortcode-1 .fusion-blog-layout-grid .fusion-post-grid{padding:20px;}.fusion-blog-shortcode-1 .fusion-posts-container{margin-left: -20px !important; margin-right:-20px !important;}<\/style><div class=\"fusion-posts-container fusion-posts-container-no fusion-no-meta-info fusion-blog-rollover fusion-blog-layout-grid fusion-blog-layout-grid-3 isotope fusion-blog-equal-heights\" data-pages=\"14\" data-grid-col-space=\"40\" style=\"margin: -20px -20px 0;min-height:500px;\"><article id=\"blog-1-post-3470\" class=\"fusion-post-grid post-3470 post type-post status-publish format-standard has-post-thumbnail hentry category-allgemein\">\n<div class=\"fusion-post-wrapper\" style=\"background-color:rgba(255,255,255,0);border:1px solid #ffffff;border-bottom-width:3px;\">\n\n\t\t\t<div class=\"fusion-flexslider flexslider fusion-flexslider-loading fusion-post-slideshow\" style=\"border-color:#ffffff;\">\n\t\t<ul class=\"slides\">\n\t\t\t\n\t\t\t\t\t\t\t\t\t\t\t\t\t\t<li>\n\n<div  class=\"fusion-image-wrapper\" aria-haspopup=\"true\">\n\t\n\t\n\t\t\n\t\t\t\t\t<img width=\"1448\" height=\"1086\" src=\"https:\/\/www.uwg-kreisolpe.de\/site\/wp-content\/uploads\/2026\/04\/Unfallhaeufung.png\" class=\"attachment-full size-full wp-post-image\" alt=\"\" loading=\"lazy\" srcset=\"https:\/\/www.uwg-kreisolpe.de\/site\/wp-content\/uploads\/2026\/04\/Unfallhaeufung-200x150.png 200w, https:\/\/www.uwg-kreisolpe.de\/site\/wp-content\/uploads\/2026\/04\/Unfallhaeufung-400x300.png 400w, https:\/\/www.uwg-kreisolpe.de\/site\/wp-content\/uploads\/2026\/04\/Unfallhaeufung-600x450.png 600w, https:\/\/www.uwg-kreisolpe.de\/site\/wp-content\/uploads\/2026\/04\/Unfallhaeufung-800x600.png 800w, https:\/\/www.uwg-kreisolpe.de\/site\/wp-content\/uploads\/2026\/04\/Unfallhaeufung-1200x900.png 1200w, https:\/\/www.uwg-kreisolpe.de\/site\/wp-content\/uploads\/2026\/04\/Unfallhaeufung.png 1448w\" sizes=\"(min-width: 2200px) 100vw, (min-width: 784px) 340px, (min-width: 712px) 510px, (min-width: 640px) 712px, \" \/>\n\t\n\n\t\t<div class=\"fusion-rollover\">\n\t<div class=\"fusion-rollover-content\">\n\n\t\t\t\t\n\t\t\t\t\n\t\t\t\t\t\t\t\t\n\t\t\t\t\t\t\t\t\n\t\t\n\t\t\t\t<a class=\"fusion-link-wrapper\" href=\"https:\/\/www.uwg-kreisolpe.de\/site\/mehr-verkehrssicherheit-im-kreis-olpe-positive-ansaetze-aber-noch-kein-gesamtplan\/\" aria-label=\"Mehr Verkehrssicherheit im Kreis Olpe \u2013 positive Ans\u00e4tze, aber noch kein Gesamtplan\"><\/a>\n\t<\/div>\n<\/div>\n\n\t\n<\/div>\n<\/li>\n\t\t\t\n\t\t\t\n\t\t\t\t\t\t\t\t\t\t\t\t\t\t\t\t\t\t\t\t\t\t\t\t\t\t\t\t\t\t\t\t\t\t\t\t\t\t\t\t\t\t\t\t\t\t\t\t\t\t\t\t\t\t\t\t\t\t\t\t\t\t\t\t\t\t\t\t<\/ul>\n\t<\/div>\n\t<div class=\"fusion-post-content-wrapper\" style=\"padding:20px 15px 20px 5px;\"><div class=\"fusion-post-content post-content\"><h2 class=\"blog-shortcode-post-title entry-title\"><a href=\"https:\/\/www.uwg-kreisolpe.de\/site\/mehr-verkehrssicherheit-im-kreis-olpe-positive-ansaetze-aber-noch-kein-gesamtplan\/\">Mehr Verkehrssicherheit im Kreis Olpe \u2013 positive Ans\u00e4tze, aber noch kein Gesamtplan<\/a><\/h2><div class=\"fusion-post-content-container\"><p>Die Kreisverwaltung des Kreis Olpe hat am 21.04.2026 (Presseinfo Nr. 043\/2026) \u00fcber die Arbeit der <a href=\"https:\/\/www.uwg-kreisolpe.de\/site\/mehr-verkehrssicherheit-im-kreis-olpe-positive-ansaetze-aber-noch-kein-gesamtplan\/\">[mehr...]<\/a><\/p><\/div><\/div><\/div><div class=\"fusion-clearfix\"><\/div><\/div>\n<\/article>\n<article id=\"blog-1-post-3449\" class=\"fusion-post-grid post-3449 post type-post status-publish format-standard has-post-thumbnail hentry category-allgemein\">\n<div class=\"fusion-post-wrapper\" style=\"background-color:rgba(255,255,255,0);border:1px solid #ffffff;border-bottom-width:3px;\">\n\n\t\t\t<div class=\"fusion-flexslider flexslider fusion-flexslider-loading fusion-post-slideshow\" style=\"border-color:#ffffff;\">\n\t\t<ul class=\"slides\">\n\t\t\t\n\t\t\t\t\t\t\t\t\t\t\t\t\t\t<li>\n\n<div  class=\"fusion-image-wrapper\" aria-haspopup=\"true\">\n\t\n\t\n\t\t\n\t\t\t\t\t<img width=\"1431\" height=\"1024\" src=\"https:\/\/www.uwg-kreisolpe.de\/site\/wp-content\/uploads\/2026\/04\/Rettungswache-Gerlingen.png\" class=\"attachment-full size-full wp-post-image\" alt=\"\" loading=\"lazy\" srcset=\"https:\/\/www.uwg-kreisolpe.de\/site\/wp-content\/uploads\/2026\/04\/Rettungswache-Gerlingen-200x143.png 200w, https:\/\/www.uwg-kreisolpe.de\/site\/wp-content\/uploads\/2026\/04\/Rettungswache-Gerlingen-400x286.png 400w, https:\/\/www.uwg-kreisolpe.de\/site\/wp-content\/uploads\/2026\/04\/Rettungswache-Gerlingen-600x429.png 600w, https:\/\/www.uwg-kreisolpe.de\/site\/wp-content\/uploads\/2026\/04\/Rettungswache-Gerlingen-800x572.png 800w, https:\/\/www.uwg-kreisolpe.de\/site\/wp-content\/uploads\/2026\/04\/Rettungswache-Gerlingen-1200x859.png 1200w, https:\/\/www.uwg-kreisolpe.de\/site\/wp-content\/uploads\/2026\/04\/Rettungswache-Gerlingen.png 1431w\" sizes=\"(min-width: 2200px) 100vw, (min-width: 784px) 340px, (min-width: 712px) 510px, (min-width: 640px) 712px, \" \/>\n\t\n\n\t\t<div class=\"fusion-rollover\">\n\t<div class=\"fusion-rollover-content\">\n\n\t\t\t\t\n\t\t\t\t\n\t\t\t\t\t\t\t\t\n\t\t\t\t\t\t\t\t\n\t\t\n\t\t\t\t<a class=\"fusion-link-wrapper\" href=\"https:\/\/www.uwg-kreisolpe.de\/site\/rettungswache-gerlingen-uwg-beantragt-akteneinsicht-zweifel-an-darstellung-der-verwaltung-wachsen\/\" aria-label=\"Rettungswache Gerlingen: UWG beantragt Akteneinsicht \u2013 Zweifel an Darstellung der Verwaltung wachsen\"><\/a>\n\t<\/div>\n<\/div>\n\n\t\n<\/div>\n<\/li>\n\t\t\t\n\t\t\t\n\t\t\t\t\t\t\t\t\t\t\t\t\t\t\t\t\t\t\t\t\t\t\t\t\t\t\t\t\t\t\t\t\t\t\t\t\t\t\t\t\t\t\t\t\t\t\t\t\t\t\t\t\t\t\t\t\t\t\t\t\t\t\t\t\t\t\t\t<\/ul>\n\t<\/div>\n\t<div class=\"fusion-post-content-wrapper\" style=\"padding:20px 15px 20px 5px;\"><div class=\"fusion-post-content post-content\"><h2 class=\"blog-shortcode-post-title entry-title\"><a href=\"https:\/\/www.uwg-kreisolpe.de\/site\/rettungswache-gerlingen-uwg-beantragt-akteneinsicht-zweifel-an-darstellung-der-verwaltung-wachsen\/\">Rettungswache Gerlingen: UWG beantragt Akteneinsicht \u2013 Zweifel an Darstellung der Verwaltung wachsen<\/a><\/h2><div class=\"fusion-post-content-container\"><p>Die Sch\u00e4den an der Au\u00dfenfassade der Rettungswache in Wenden-Gerlingen besch\u00e4ftigen die Unabh\u00e4ngige W\u00e4hlergemeinschaft (UWG) weiterhin. <a href=\"https:\/\/www.uwg-kreisolpe.de\/site\/rettungswache-gerlingen-uwg-beantragt-akteneinsicht-zweifel-an-darstellung-der-verwaltung-wachsen\/\">[mehr...]<\/a><\/p><\/div><\/div><\/div><div class=\"fusion-clearfix\"><\/div><\/div>\n<\/article>\n<article id=\"blog-1-post-3444\" class=\"fusion-post-grid post-3444 post type-post status-publish format-standard has-post-thumbnail hentry category-allgemein\">\n<div class=\"fusion-post-wrapper\" style=\"background-color:rgba(255,255,255,0);border:1px solid #ffffff;border-bottom-width:3px;\">\n\n\t\t\t<div class=\"fusion-flexslider flexslider fusion-flexslider-loading fusion-post-slideshow\" style=\"border-color:#ffffff;\">\n\t\t<ul class=\"slides\">\n\t\t\t\n\t\t\t\t\t\t\t\t\t\t\t\t\t\t<li>\n\n<div  class=\"fusion-image-wrapper\" aria-haspopup=\"true\">\n\t\n\t\n\t\t\n\t\t\t\t\t<img width=\"1024\" height=\"1536\" src=\"https:\/\/www.uwg-kreisolpe.de\/site\/wp-content\/uploads\/2026\/04\/Grundsteuer-Schock_-Piggy-bank-explosion.png\" class=\"attachment-full size-full wp-post-image\" alt=\"\" loading=\"lazy\" srcset=\"https:\/\/www.uwg-kreisolpe.de\/site\/wp-content\/uploads\/2026\/04\/Grundsteuer-Schock_-Piggy-bank-explosion-200x300.png 200w, https:\/\/www.uwg-kreisolpe.de\/site\/wp-content\/uploads\/2026\/04\/Grundsteuer-Schock_-Piggy-bank-explosion-400x600.png 400w, https:\/\/www.uwg-kreisolpe.de\/site\/wp-content\/uploads\/2026\/04\/Grundsteuer-Schock_-Piggy-bank-explosion-600x900.png 600w, https:\/\/www.uwg-kreisolpe.de\/site\/wp-content\/uploads\/2026\/04\/Grundsteuer-Schock_-Piggy-bank-explosion-800x1200.png 800w, https:\/\/www.uwg-kreisolpe.de\/site\/wp-content\/uploads\/2026\/04\/Grundsteuer-Schock_-Piggy-bank-explosion.png 1024w\" sizes=\"(min-width: 2200px) 100vw, (min-width: 784px) 340px, (min-width: 712px) 510px, (min-width: 640px) 712px, \" \/>\n\t\n\n\t\t<div class=\"fusion-rollover\">\n\t<div class=\"fusion-rollover-content\">\n\n\t\t\t\t\n\t\t\t\t\n\t\t\t\t\t\t\t\t\n\t\t\t\t\t\t\t\t\n\t\t\n\t\t\t\t<a class=\"fusion-link-wrapper\" href=\"https:\/\/www.uwg-kreisolpe.de\/site\/grundsteuer-b-im-kreis-olpe-267-mehrbelastung-und-das-ist-erst-der-anfang\/\" aria-label=\"Grundsteuer B im Kreis Olpe: 26,7 % Mehrbelastung \u2013 und das ist erst der Anfang\"><\/a>\n\t<\/div>\n<\/div>\n\n\t\n<\/div>\n<\/li>\n\t\t\t\n\t\t\t\n\t\t\t\t\t\t\t\t\t\t\t\t\t\t\t\t\t\t\t\t\t\t\t\t\t\t\t\t\t\t\t\t\t\t\t\t\t\t\t\t\t\t\t\t\t\t\t\t\t\t\t\t\t\t\t\t\t\t\t\t\t\t\t\t\t\t\t\t<\/ul>\n\t<\/div>\n\t<div class=\"fusion-post-content-wrapper\" style=\"padding:20px 15px 20px 5px;\"><div class=\"fusion-post-content post-content\"><h2 class=\"blog-shortcode-post-title entry-title\"><a href=\"https:\/\/www.uwg-kreisolpe.de\/site\/grundsteuer-b-im-kreis-olpe-267-mehrbelastung-und-das-ist-erst-der-anfang\/\">Grundsteuer B im Kreis Olpe: 26,7 % Mehrbelastung \u2013 und das ist erst der Anfang<\/a><\/h2><div class=\"fusion-post-content-container\"><p>Die Diskussion um die Grundsteuer B nimmt im Kreis Olpe deutlich an Fahrt auf \u2013 <a href=\"https:\/\/www.uwg-kreisolpe.de\/site\/grundsteuer-b-im-kreis-olpe-267-mehrbelastung-und-das-ist-erst-der-anfang\/\">[mehr...]<\/a><\/p><\/div><\/div><\/div><div class=\"fusion-clearfix\"><\/div><\/div>\n<\/article>\n<div class=\"fusion-clearfix\"><\/div><\/div><\/div><div class=\"fusion-clearfix\"><\/div>\n\n\t\t\t\t\t<\/div>\n\t\t\t\t<\/div><\/div><\/div><\/p>\n","protected":false},"excerpt":{"rendered":"","protected":false},"author":1,"featured_media":0,"parent":0,"menu_order":10,"comment_status":"closed","ping_status":"open","template":"100-width.php","meta":[],"_links":{"self":[{"href":"https:\/\/www.uwg-kreisolpe.de\/site\/wp-json\/wp\/v2\/pages\/2"}],"collection":[{"href":"https:\/\/www.uwg-kreisolpe.de\/site\/wp-json\/wp\/v2\/pages"}],"about":[{"href":"https:\/\/www.uwg-kreisolpe.de\/site\/wp-json\/wp\/v2\/types\/page"}],"author":[{"embeddable":true,"href":"https:\/\/www.uwg-kreisolpe.de\/site\/wp-json\/wp\/v2\/users\/1"}],"replies":[{"embeddable":true,"href":"https:\/\/www.uwg-kreisolpe.de\/site\/wp-json\/wp\/v2\/comments?post=2"}],"version-history":[{"count":10,"href":"https:\/\/www.uwg-kreisolpe.de\/site\/wp-json\/wp\/v2\/pages\/2\/revisions"}],"predecessor-version":[{"id":3463,"href":"https:\/\/www.uwg-kreisolpe.de\/site\/wp-json\/wp\/v2\/pages\/2\/revisions\/3463"}],"wp:attachment":[{"href":"https:\/\/www.uwg-kreisolpe.de\/site\/wp-json\/wp\/v2\/media?parent=2"}],"curies":[{"name":"wp","href":"https:\/\/api.w.org\/{rel}","templated":true}]}}